6 - 1d0?
-e16
In base 15, what is 4 + ceb66?
ceb6a
In base 7, what is -402235 + 3?
-402232
In base 14, what is -c293 - -17?
-c27a
In base 16, what is -15350 - -5?
-1534b
In base 8, what is 1 - -1145257?
1145260
In base 7, what is -1 - 63360?
-63361
In base 7, what is 21 + -116643?
-116622
In base 15, what is 8 + -216c?
-2164
In base 3, what is 111000 - 211121?
-100121
In base 7, what is 11 + 45423?
45434
In base 6, what is 4 - 2245352?
-2245344
In base 3, what is -202121 + 200?
-201221
In base 11, what is 55420 + -6?
55415
In base 10, what is 12124 + 70?
12194
In base 4, what is -231022201 + 2?
-231022133
In base 13, what is -410 + -1a5?
-5b5
In base 8, what is -6525306 + -1?
-6525307
In base 13, what is 5270 + 21?
5291
In base 3, what is -20221 - -101210?
10212
In base 12, what is 3 + 1727?
172a
In base 14, what is -1b453 - -5?
-1b44c
In base 4, what is 1 - 2201223?
-2201222
In base 8, what is -7 + 17166?
17157
In base 7, what is 41 - -42434?
42505
In base 13, what is -c186 - -6?
-c180
In base 8, what is -2 - -1353421?
1353417
In base 15, what is -25 - -2c48?
2c23
In base 14, what is -2 + -c99?
-c9b
In base 11, what is -1111 + 13?
-10a9
In base 6, what is 132 - -24432?
25004
In base 3, what is 12 + -102200010020?
-102200010001
In base 4, what is 2032 + -23132?
-21100
In base 7, what is -3 - 1356633?
-1356636
In base 7, what is 645153 - -16?
645202
In base 9, what is -1128763 + 14?
-1128748
In base 15, what is -6411 + 25?
-63db
In base 8, what is 1657656 + 5?
1657663
In base 3, what is -10 + 220001002?
220000222
In base 3, what is 1020021000021 + 1?
1020021000022
In base 3, what is 1 - -10201001211?
10201001212
In base 10, what is 96266 - -4?
96270
In base 5, what is 44134242 - 20?
44134222
In base 2, what is -10010011111110100 - -101?
-10010011111101111
In base 5, what is -1322412 - 12?
-1322424
In base 11, what is 14 + -789?
-775
In base 2, what is -10101 - -1001100000001?
1001011101100
In base 8, what is 1072 + 4?
1076
In base 11, what is -16 + -2a64a?
-2a665
In base 11, what is -7 - -a5787?
a5780
In base 11, what is 4 + 157781?
157785
In base 10, what is 126 - 5340?
-5214
In base 10, what is -31 - -3035?
3004
In base 2, what is -100 + -10001100110011011010?
-10001100110011011110
In base 8, what is -521 + 60?
-441
In base 8, what is -354 + -255?
-631
In base 2, what is 111 - 101011111101101011?
-101011111101100100
In base 8, what is 4177 - 145?
4032
In base 11, what is -5236 + -4?
-523a
In base 4, what is 122323 + 20?
123003
In base 9, what is 110410 + -16?
110383
In base 13, what is -68ba9 + -2?
-68bab
In base 16, what is -8 + d2d?
d25
In base 2, what is 110 - -100111101000000110?
100111101000001100
In base 11, what is 1751 + 22?
1773
In base 12, what is 118 - -196?
2b2
In base 11, what is -4 + 57151a?
571516
In base 7, what is -40022 - -3?
-40016
In base 16, what is -80 + -f1f?
-f9f
In base 13, what is 584 - -8b5?
1169
In base 14, what is 20842 - -a?
2084c
In base 7, what is 2002 + 2003?
4005
In base 6, what is 255 + 12402?
13101
In base 15, what is -7 - -24b5?
24ad
In base 13, what is 53 + 1bc?
242
In base 3, what is 12222021 + -100110?
12121211
In base 5, what is -13424204 + 30?
-13424124
In base 10, what is 2 - 5194?
-5192
In base 15, what is -178ecc + 2?
-178eca
In base 4, what is 0 - 20101222?
-20101222
In base 8, what is 1 - 63303?
-63302
In base 8, what is 4 + 206005?
206011
In base 15, what is 11ea + -109?
10e1
In base 9, what is -584 - 43?
-637
In base 13, what is 1b3 + 7?
1ba
In base 9, what is 5516416 - -5?
5516422
In base 12, what is 0 - -29560?
29560
In base 10, what is -1653 - -907?
-746
In base 6, what is 115542 - -30?
120012
In base 16, what is -300a7 + 2?
-300a5
In base 14, what is 1d - -b36?
b55
In base 7, what is -3 + 1146620?
1146614
In base 10, what is -1125569 + -3?
-1125572
In base 12, what is 54 - -3117?
316b
In base 4, what is 3333 + 13220?
23213
In base 6, what is -144 - -23101?
22513
In base 13, what is 1 + -16a036?
-16a035
In base 12, what is 680 + -2b8?
384
In base 5, what is -1040 - 20004?
-21044
In base 5, what is -1 + 203204?
203203
In base 9, what is 5 + 23260?
23265
In base 6, what is 11112 - 44?
11024
In base 11, what is -196a + -3?
-1972
In base 10, what is 2017 - -67?
2084
In base 14, what is -2b - 1615?
-1642
In base 11, what is 2173 + 9?
2181
In base 6, what is 5555145 + -1?
5555144
In base 6, what is -22212 + -104?
-22320
In base 16, what is 27a + 30?
2aa
In base 16, what is 37ab - b?
37a0
In base 5, what is 3 - 334113?
-334110
In base 10, what is -19 - 4021?
-4040
In base 11, what is -381 + -46a3?
-4a74
In base 2, what is 10111001010 + -100?
10111000110
In base 7, what is 130 - 134060?
-133630
In base 3, what is -12122212 - -1220222?
-10201220
In base 4, what is -10303212 - 2?
-10303220
In base 5, what is 1314102 + 10?
1314112
In base 10, what is -58096 + 4?
-58092
In base 9, what is 127 - -56286?
56424
In base 6, what is 2402311 + 10?
2402321
In base 16, what is 10 + 9d7?
9e7
In base 10, what is -2782 - -1?
-2781
In base 13, what is -3715 - 3?
-3718
In base 10, what is -3 + -257043?
-257046
In base 5, what is 1124 + -413?
211
In base 3, what is 2 - 112111022?
-112111020
In base 13, what is -c05 + 0?
-c05
In base 16, what is 5 - 9dc?
-9d7
In base 15, what is 6c7 - -434?
b0b
In base 12, what is a769 + 35?
a7a2
In base 8, what is -436622 - -2?
-436620
In base 16, what is -3 + -d5b3?
-d5b6
In base 11, what is 347 - 532?
-196
In base 16, what is 8c + -1790?
-1704
In base 9, what is 5 - 133768?
-133763
In base 6, what is 1103 + -5215?
-4112
In base 14, what is -5b - -35d?
302
In base 8, what is 2410 + 211?
2621
In base 6, what is 55 - 403050?
-402551
In base 3, what is 10010202 + -212?
10002220
In base 5, what is 1143 + -3034?
-1341
In base 11, what is 393429 - 0?
393429
In base 10, what is 86867 - -1?
86868
In base 11, what is 4 - 48614?
-48610
In base 7, what is -1033511 + 14?
-1033464
In base 11, what is -8 - 76138?
-76145
In base 7, what is -420 + -323?
-1043
In base 15, what is -4 + -9c4?
-9c8
In base 2, what is -1011000 - 11100100100011?
-11100101111011
In base 3, what is -12022022001 - 2?
-12022022010
In base 10, what is 159038 - 1?
159037
In base 14, what is -c + 1aa3?
1a95
In base 3, what is -11102100 - -12020?
-11020010
In base 13, what is -3c29c + -1?
-3c2a0
In base 12, what is 74b63 + -4?
74b5b
In base 8, what is 611 + -353?
236
In base 10, what is -56 - 11331?
-11387
In base 8, what is 640 - 55?
563
In base 5, what is -12 + -110122?
-110134
In base 4, what is -203 - -101231?
101022
In base 4, what is 10020 + -123?
3231
In base 7, what is 5 - 434363?
-434355
In base 5, what is 4 + 3342132?
3342141
In base 6, what is 4352230 + -3?
4352223
In base 12, what is -194 + -1917?
-1aab
In base 11, what is 467 + 193?
64a
In base 16, what is -19 + 387?
36e
In base 10, what is -4 - -2453?
2449
In base 16, what is 27 - 8b1?
-88a
In base 14, what is 26c + -487?
-219
In base 11, what is 0 - -703a1?
703a1
In base 6, what is 2 - 10412500?
-10412454
In base 8, what is 16 + 23700?
23716
In base 5, what is 4 + 230103204?
230103213
In base 5, what is -2432010 + -2?
-2432012
In base 3, what is -11 + 2112012220?
2112012202
In base 3, what is -1110102 - -211?
-1102121
In base 9, what is -1645676 - -5?
-1645671
In base 2, what is 11111011110 + -11010101001?
100110101
In base 16, what is -5af9a - 8?
-5afa2
In base 2, what is 1 + -1110001111110?
-1110001111101
In base 15, what is -116 + b3?
-53
In base 6, what is -3342552 - 14?
-3343010
In base 2, what is 10011001 + 110100000?
1000111001
In base 5, what is 0 + 1433040?
1433040
In base 8, what is 2 - -13135?
13137
In base 5, what is -4 + -4200022?
-4200031
In base 11, what is -3 - -46aa0?
46a98
In base 12, what is -3 + -169550?
-169553
In base 16, what is -123c3 - -28?
-1239b
In base 6, what is -1351342532 + -1?
-1351342533
In base 6, what is 3 - 340550?
-340543
In base 14, what is 1b - -2500?
251b
In base 5, what is 10 + 10444404?
10444414
In base 11, what is -1a384 - 4?
-1a388
In base 6, what is -2 - 3433142?
-3433144
In base 14, what is 27c45 + 5?
27c4a
In base 16, what is 1 + 11d8c?
11d8d
In base 10, what is 3201789 - 0?
3201789
In base 15, what is 18 - -8a?
a3
In base 3, what is 10 - 211110110?
-211110100
In base 9, what is 1 - -77681?
77682
In base 12, what 